5721
List the prime factors of 1554731.
23, 2939
List the prime factors of 898479.
3, 107, 311
List the prime factors of 15440268.
2, 3, 23, 43, 1301
What are the prime factors of 1565784?
2, 3, 11, 659
List the prime factors of 29507.
19, 1553
List the prime factors of 1798448.
2, 112403
What are the prime factors of 1427128?
2, 19, 41, 229
What are the prime factors of 17520235?
5, 3504047
What are the prime factors of 172000?
2, 5, 43
List the prime factors of 1525360.
2, 5, 23, 829
What are the prime factors of 17443319?
17443319
What are the prime factors of 51500?
2, 5, 103
List the prime factors of 18248743.
29, 107, 5881
What are the prime factors of 2135756?
2, 7, 83, 919
List the prime factors of 29957159.
2129, 14071
What are the prime factors of 5334827?
23, 163, 1423
List the prime factors of 2585064.
2, 3, 19, 5669
List the prime factors of 1038898.
2, 7, 10601
What are the prime factors of 353332?
2, 7, 12619
List the prime factors of 169114.
2, 11, 7687
List the prime factors of 346441.
346441
What are the prime factors of 822303?
3, 91367
What are the prime factors of 359687?
29, 79, 157
What are the prime factors of 9924850?
2, 5, 13, 15269
What are the prime factors of 2876630?
2, 5, 347, 829
What are the prime factors of 225922?
2, 37, 43, 71
List the prime factors of 25188475.
5, 13, 17, 47, 97
List the prime factors of 2333481.
3, 43, 18089
List the prime factors of 5264153.
71, 74143
List the prime factors of 9393.
3, 31, 101
List the prime factors of 9224818.
2, 4612409
List the prime factors of 322122.
2, 3, 37, 1451
What are the prime factors of 443393?
31, 14303
List the prime factors of 427079.
427079
List the prime factors of 6087239.
19, 421, 761
List the prime factors of 5604060.
2, 3, 5, 7, 11, 1213
What are the prime factors of 1615896?
2, 3, 7481
What are the prime factors of 72549?
3, 2687
What are the prime factors of 5344450?
2, 5, 89, 1201
What are the prime factors of 1682754?
2, 3, 19, 29, 509
List the prime factors of 1559405.
5, 311881
List the prime factors of 137577.
3, 11, 379
List the prime factors of 1430566.
2, 367, 1949
List the prime factors of 7061568.
2, 3, 36779
What are the prime factors of 2128903?
7, 23, 1889
What are the prime factors of 598810?
2, 5, 233, 257
List the prime factors of 1503.
3, 167
List the prime factors of 588772.
2, 19, 61, 127
List the prime factors of 240708.
2, 3, 13, 1543
What are the prime factors of 16117725?
3, 5, 13, 61, 271
What are the prime factors of 2342341?
461, 5081
What are the prime factors of 2766?
2, 3, 461
What are the prime factors of 2997309?
3, 7, 53, 2693
List the prime factors of 217152.
2, 3, 13, 29
List the prime factors of 277561.
53, 5237
What are the prime factors of 65202?
2, 3, 10867
List the prime factors of 280538.
2, 140269
What are the prime factors of 1929047?
1929047
List the prime factors of 1675895.
5, 13, 19, 23, 59
List the prime factors of 100485.
3, 5, 7, 11, 29
List the prime factors of 106648.
2, 13331
What are the prime factors of 10289527?
10289527
List the prime factors of 831569.
149, 5581
List the prime factors of 9490799.
59, 160861
List the prime factors of 15087552.
2, 3, 179, 439
What are the prime factors of 3063210?
2, 3, 5, 102107
List the prime factors of 130448.
2, 31, 263
What are the prime factors of 16401?
3, 7, 11, 71
What are the prime factors of 4469357?
4469357
List the prime factors of 4937287.
4937287
List the prime factors of 4023207.
3, 41, 10903
List the prime factors of 3371323.
313, 10771
List the prime factors of 2249890.
2, 5, 47, 4787
What are the prime factors of 206462?
2, 103231
List the prime factors of 12320.
2, 5, 7, 11
What are the prime factors of 6048801?
3, 11, 61099
List the prime factors of 92664.
2, 3, 11, 13
What are the prime factors of 12545296?
2, 784081
List the prime factors of 4380279.
3, 19, 76847
What are the prime factors of 128309?
31, 4139
List the prime factors of 725259.
3, 23, 457
What are the prime factors of 4410387?
3, 461, 1063
List the prime factors of 16356318.
2, 3, 11, 79, 3137
List the prime factors of 19413100.
2, 5, 7, 27733
List the prime factors of 3296818.
2, 7, 33641
What are the prime factors of 11251894?
2, 47, 119701
What are the prime factors of 238615?
5, 13, 3671
List the prime factors of 1226137.
11, 111467
List the prime factors of 1565063.
37, 42299
What are the prime factors of 2699671?
13, 23, 9029
What are the prime factors of 7517439?
3, 835271
What are the prime factors of 333790?
2, 5, 29, 1151
What are the prime factors of 4355615?
5, 11, 79193
List the prime factors of 559988.
2, 11, 13, 89
List the prime factors of 197655.
3, 5, 13177
What are the prime factors of 1255004?
2, 29, 31, 349
What are the prime factors of 14820876?
2, 3, 7, 103, 571
List the prime factors of 356147.
11, 32377
List the prime factors of 328664.
2, 7, 5869
What are the prime factors of 12276505?
5, 599, 4099
List the prime factors of 2398424.
2, 7, 42829
List the prime factors of 1042512.
2, 3, 37, 587
List the prime factors of 2128551.
3, 19, 107, 349
List the prime factors of 2829965.
5, 29, 673
What are the prime factors of 757280?
2, 5, 4733
List the prime factors of 80693.
19, 31, 137
What are the prime factors of 3695204?
2, 353, 2617
List the prime factors of 196641.
3, 7283
List the prime factors of 11530883.
7, 13, 126713
What are the prime factors of 4643273?
31, 101, 1483
List the prime factors of 620392.
2, 77549
What are the prime factors of 6430261?
6430261
List the prime factors of 1917816.
2, 3, 41, 1949
What are the prime factors of 17131539?
3, 5710513
What are the prime factors of 34236?
2, 3, 317
List the prime factors of 1655894.
2, 59, 14033
What are the prime factors of 1034014?
2, 83, 6229
List the prime factors of 110400.
2, 3, 5, 23
What are the prime factors of 979408?
2, 41, 1493
What are the prime factors of 208922?
2, 7, 14923
What are the prime factors of 3867934?
2, 7, 173, 1597
List the prime factors of 15410152.
2, 1926269
What are the prime factors of 13122275?
5, 127, 4133
What are the prime factors of 466399?
71, 6569
List the prime factors of 15336.
2, 3, 71
What are the prime factors of 2065420?
2, 5, 7, 14753
What are the prime factors of 793672?
2, 11, 29, 311
List the prime factors of 1939540.
2, 5, 37, 2621
List the prime factors of 1976547.
3, 463, 1423
What are the prime factors of 14183?
13, 1091
What are the prime factors of 45887?
45887
List the prime factors of 865413.
3, 96157
List the prime factors of 634713.
3, 211571
List the prime factors of 529372.
2, 89, 1487
What are the prime factors of 567743?
11, 51613
List the prime factors of 4016726.
2, 7, 17, 2411
What are the prime factors of 1036004?
2, 259001
What are the prime factors of 198143?
11, 18013
List the prime factors of 13863901.
19, 729679
What are the prime factors of 387328?
2, 17, 89
What are the prime factors of 5776552?
2, 722069
What are the prime factors of 3042411?
3, 1014137
What are the prime factors of 11361170?
2, 5, 1136117
What are the prime factors of 1376269?
17, 73, 1109
What are the prime factors of 237404?
2, 59351
What are the prime factors of 2341945?
5, 468389
What are the prime factors of 1280097?
3, 7, 13, 521
What are the prime factors of 663599?
663599
What are the prime factors of 1170119?
1170119
What are the prime factors of 520975?
5, 7, 13, 229
List the prime factors of 382071.
3, 19, 6703
What are the prime factors of 1540603?
1540603
What are the prime factors of 2640442?
2, 7, 188603
What are the prime factors of 20650549?
19, 53, 20507
List the prime factors of 825700.
2, 5, 23, 359
List the prime factors of 218805.
3, 5, 29, 503
List the prime factors of 6484689.
3, 23, 31327
What are the prime factors of 3941832?
2, 3, 23, 37, 193
List the prime factors of 922437.
3, 17, 6029
What are the prime factors of 1570018?
2, 17, 61, 757
List the prime factors of 1799595.
3, 5, 7, 29, 197
List the prime factors of 11448904.
2, 1431113
List the prime factors of 194363.
13, 14951
List the prime factors of 2850822.
2, 3, 13, 31, 131
List the prime factors of 247594.
2, 43, 2879
List the prime factors of 742367.
223, 3329
List the prime factors of 13854652.
2, 7, 70687
What are the prime factors of 401914?
2, 17, 1182